{"id":1797,"date":"2025-02-18T17:37:56","date_gmt":"2025-02-18T16:37:56","guid":{"rendered":"https:\/\/bcv-beberanien.de\/?page_id=1797"},"modified":"2025-02-18T18:08:46","modified_gmt":"2025-02-18T17:08:46","slug":"landesprinzenpaar-2025-2","status":"publish","type":"page","link":"https:\/\/bcv-beberanien.de\/?page_id=1797","title":{"rendered":"Landesprinzenpaar 2025"},"content":{"rendered":"\n<h2 class=\"wp-block-heading\">Das Landesprinzenpaar Th\u00fcringen 2025 kommt aus Beberanien!<\/h2>\n\n\n\n<p>Inken und Stephan konnten sich in einem Auswahlverfahren bestehend aus einem Online-Voting und einer Jurywertung gegen 5 weitere Bewerberpaare durchsetzen. Nachdem die Inthronisierung wetterbedingt am 05.01.2025 leider nicht wie geplant in Sonneberg stattfinden konnte, wurde sie am 19.01.2025 im Rathaus in Sondershausen nachgeholt.<\/p>\n\n\n\n<p>Gemeinsam mit dem Landeskinderprinzenpaar Frieda I. &amp; Linus I. aus Dorndorf (<a href=\"https:\/\/www.instagram.com\/_dorndorferkarneval\/?hl=de\">Dorndorfer Karneval Club e.V.<\/a> ) regieren sie f\u00fcr die aktuelle Session die Narrenschar in Th\u00fcringen unter Betreuung des Landesverband Th\u00fcringer Karnevalvereine (<a href=\"https:\/\/www.ltkev.de\/\">LTK e.V.<\/a>).<\/p>\n\n\n\n<p>Wir w\u00fcnschen Inken und Stephan eine tolle Zeit und viel Freude! <\/p>\n\n\n\n<p><a href=\"https:\/\/www.ltkev.de\/chronik\/landesprinzenpaar\/\">Landesprinzenpaar | Landesverband Th\u00fcringer Karnevalvereine e.V.<\/a><\/p>\n\n\n\n<p><a href=\"https:\/\/www.ltkev.de\/2025\/01\/19\/landesprinzenpaar-feierlich-inthronisiert\/\">Landesprinzenpaar feierlich inthronisiert | Landesverband Th\u00fcringer Karnevalvereine e.V.<\/a><\/p>\n\n\n\n<p><a href=\"https:\/\/www.thueringer-allgemeine.de\/kultur\/article408018196\/thueringer-landesprinzenpaar-gewaehlt.html\">Th\u00fcringer Landesprinzenpaar gew\u00e4hlt<\/a><\/p>\n\n\n\n<figure class=\"wp-block-gallery has-nested-images columns-default is-cropped wp-block-gallery-1 is-layout-flex wp-block-gallery-is-layout-flex\">\n<figure class=\"wp-block-image size-large\"><img loading=\"lazy\" decoding=\"async\" width=\"683\" height=\"1024\" data-id=\"1798\" src=\"https:\/\/bcv-beberanien.de\/wp-content\/uploads\/2025\/02\/fa514cc1-e600-438d-b901-0df32abedf31-1-683x1024.jpg\" alt=\"\" class=\"wp-image-1798\" srcset=\"https:\/\/bcv-beberanien.de\/wp-content\/uploads\/2025\/02\/fa514cc1-e600-438d-b901-0df32abedf31-1-683x1024.jpg 683w, https:\/\/bcv-beberanien.de\/wp-content\/uploads\/2025\/02\/fa514cc1-e600-438d-b901-0df32abedf31-1-200x300.jpg 200w, https:\/\/bcv-beberanien.de\/wp-content\/uploads\/2025\/02\/fa514cc1-e600-438d-b901-0df32abedf31-1-768x1152.jpg 768w, https:\/\/bcv-beberanien.de\/wp-content\/uploads\/2025\/02\/fa514cc1-e600-438d-b901-0df32abedf31-1-1024x1536.jpg 1024w, https:\/\/bcv-beberanien.de\/wp-content\/uploads\/2025\/02\/fa514cc1-e600-438d-b901-0df32abedf31-1.jpg 1365w\" sizes=\"auto, (max-width: 683px) 100vw, 683px\" \/><figcaption class=\"wp-element-caption\"><strong>Inken I. &amp; Stephan I. <\/strong><\/figcaption><\/figure>\n\n\n\n<figure class=\"wp-block-image size-large\"><img loading=\"lazy\" decoding=\"async\" width=\"683\" height=\"1024\" data-id=\"1806\" src=\"https:\/\/bcv-beberanien.de\/wp-content\/uploads\/2025\/02\/2aaaa385-d329-4ef2-8ee8-d176df58068c-683x1024.jpg\" alt=\"\" class=\"wp-image-1806\" srcset=\"https:\/\/bcv-beberanien.de\/wp-content\/uploads\/2025\/02\/2aaaa385-d329-4ef2-8ee8-d176df58068c-683x1024.jpg 683w, https:\/\/bcv-beberanien.de\/wp-content\/uploads\/2025\/02\/2aaaa385-d329-4ef2-8ee8-d176df58068c-200x300.jpg 200w, https:\/\/bcv-beberanien.de\/wp-content\/uploads\/2025\/02\/2aaaa385-d329-4ef2-8ee8-d176df58068c-768x1152.jpg 768w, https:\/\/bcv-beberanien.de\/wp-content\/uploads\/2025\/02\/2aaaa385-d329-4ef2-8ee8-d176df58068c-1024x1536.jpg 1024w, https:\/\/bcv-beberanien.de\/wp-content\/uploads\/2025\/02\/2aaaa385-d329-4ef2-8ee8-d176df58068c.jpg 1168w\" sizes=\"auto, (max-width: 683px) 100vw, 683px\" \/><\/figure>\n\n\n\n<figure class=\"wp-block-image size-large\"><img loading=\"lazy\" decoding=\"async\" width=\"1024\" height=\"683\" data-id=\"1807\" src=\"https:\/\/bcv-beberanien.de\/wp-content\/uploads\/2025\/02\/6f73551c-d7f5-4517-9b72-357b9f064b5d-1024x683.jpg\" alt=\"\" class=\"wp-image-1807\" srcset=\"https:\/\/bcv-beberanien.de\/wp-content\/uploads\/2025\/02\/6f73551c-d7f5-4517-9b72-357b9f064b5d-1024x683.jpg 1024w, https:\/\/bcv-beberanien.de\/wp-content\/uploads\/2025\/02\/6f73551c-d7f5-4517-9b72-357b9f064b5d-300x200.jpg 300w, https:\/\/bcv-beberanien.de\/wp-content\/uploads\/2025\/02\/6f73551c-d7f5-4517-9b72-357b9f064b5d-768x512.jpg 768w, https:\/\/bcv-beberanien.de\/wp-content\/uploads\/2025\/02\/6f73551c-d7f5-4517-9b72-357b9f064b5d-1536x1024.jpg 1536w, https:\/\/bcv-beberanien.de\/wp-content\/uploads\/2025\/02\/6f73551c-d7f5-4517-9b72-357b9f064b5d.jpg 2048w\" sizes=\"auto, (max-width: 706px) 89vw, (max-width: 767px) 82vw, 740px\" \/><\/figure>\n\n\n\n<figure class=\"wp-block-image size-large\"><img loading=\"lazy\" decoding=\"async\" width=\"1024\" height=\"684\" data-id=\"1808\" src=\"https:\/\/bcv-beberanien.de\/wp-content\/uploads\/2025\/02\/59f57847-725b-4abf-b319-189976e16dcd-1024x684.jpg\" alt=\"\" class=\"wp-image-1808\" srcset=\"https:\/\/bcv-beberanien.de\/wp-content\/uploads\/2025\/02\/59f57847-725b-4abf-b319-189976e16dcd-1024x684.jpg 1024w, https:\/\/bcv-beberanien.de\/wp-content\/uploads\/2025\/02\/59f57847-725b-4abf-b319-189976e16dcd-300x200.jpg 300w, https:\/\/bcv-beberanien.de\/wp-content\/uploads\/2025\/02\/59f57847-725b-4abf-b319-189976e16dcd-768x513.jpg 768w, https:\/\/bcv-beberanien.de\/wp-content\/uploads\/2025\/02\/59f57847-725b-4abf-b319-189976e16dcd.jpg 1200w\" sizes=\"auto, (max-width: 706px) 89vw, (max-width: 767px) 82vw, 740px\" \/><\/figure>\n\n\n\n<figure class=\"wp-block-image size-large\"><img loading=\"lazy\" decoding=\"async\" width=\"1024\" height=\"683\" data-id=\"1809\" src=\"https:\/\/bcv-beberanien.de\/wp-content\/uploads\/2025\/02\/74e5e4b8-f07e-4fc6-b8f7-9e07a0bbe018-1024x683.jpg\" alt=\"\" class=\"wp-image-1809\" srcset=\"https:\/\/bcv-beberanien.de\/wp-content\/uploads\/2025\/02\/74e5e4b8-f07e-4fc6-b8f7-9e07a0bbe018-1024x683.jpg 1024w, https:\/\/bcv-beberanien.de\/wp-content\/uploads\/2025\/02\/74e5e4b8-f07e-4fc6-b8f7-9e07a0bbe018-300x200.jpg 300w, https:\/\/bcv-beberanien.de\/wp-content\/uploads\/2025\/02\/74e5e4b8-f07e-4fc6-b8f7-9e07a0bbe018-768x512.jpg 768w, https:\/\/bcv-beberanien.de\/wp-content\/uploads\/2025\/02\/74e5e4b8-f07e-4fc6-b8f7-9e07a0bbe018-1536x1024.jpg 1536w, https:\/\/bcv-beberanien.de\/wp-content\/uploads\/2025\/02\/74e5e4b8-f07e-4fc6-b8f7-9e07a0bbe018.jpg 1752w\" sizes=\"auto, (max-width: 706px) 89vw, (max-width: 767px) 82vw, 740px\" \/><\/figure>\n<\/figure>\n","protected":false},"excerpt":{"rendered":"<p>Das Landesprinzenpaar Th\u00fcringen 2025 kommt aus Beberanien! Inken und Stephan konnten sich in einem Auswahlverfahren bestehend aus einem Online-Voting und einer Jurywertung gegen 5 weitere Bewerberpaare durchsetzen. Nachdem die Inthronisierung wetterbedingt am 05.01.2025 leider nicht wie geplant in Sonneberg stattfinden konnte, wurde sie am 19.01.2025 im Rathaus in Sondershausen nachgeholt. Gemeinsam mit dem Landeskinderprinzenpaar Frieda &hellip; <\/p>\n<p class=\"link-more\"><a href=\"https:\/\/bcv-beberanien.de\/?page_id=1797\" class=\"more-link\"><span class=\"screen-reader-text\">\u201eLandesprinzenpaar 2025\u201c<\/span> weiterlesen<\/a><\/p>\n","protected":false},"author":3,"featured_media":0,"parent":0,"menu_order":0,"comment_status":"closed","ping_status":"closed","template":"","meta":{"_exactmetrics_skip_tracking":false,"_exactmetrics_sitenote_active":false,"_exactmetrics_sitenote_note":"","_exactmetrics_sitenote_category":0,"footnotes":""},"class_list":["post-1797","page","type-page","status-publish","hentry"],"yoast_head":"<!-- This site is optimized with the Yoast SEO plugin v27.5 - https:\/\/yoast.com\/product\/yoast-seo-wordpress\/ -->\n<title>Landesprinzenpaar 2025 - BCV Blau-Weiss-Beberanien e.V.<\/title>\n<meta name=\"robots\" content=\"index, follow, max-snippet:-1, max-image-preview:large, max-video-preview:-1\" \/>\n<link rel=\"canonical\" href=\"https:\/\/bcv-beberanien.de\/?page_id=1797\" \/>\n<meta property=\"og:locale\" content=\"de_DE\" \/>\n<meta property=\"og:type\" content=\"article\" \/>\n<meta property=\"og:title\" content=\"Landesprinzenpaar 2025 - BCV Blau-Weiss-Beberanien e.V.\" \/>\n<meta property=\"og:description\" content=\"Das Landesprinzenpaar Th\u00fcringen 2025 kommt aus Beberanien! Inken und Stephan konnten sich in einem Auswahlverfahren bestehend aus einem Online-Voting und einer Jurywertung gegen 5 weitere Bewerberpaare durchsetzen. Nachdem die Inthronisierung wetterbedingt am 05.01.2025 leider nicht wie geplant in Sonneberg stattfinden konnte, wurde sie am 19.01.2025 im Rathaus in Sondershausen nachgeholt. Gemeinsam mit dem Landeskinderprinzenpaar Frieda &hellip; \u201eLandesprinzenpaar 2025\u201c weiterlesen\" \/>\n<meta property=\"og:url\" content=\"https:\/\/bcv-beberanien.de\/?page_id=1797\" \/>\n<meta property=\"og:site_name\" content=\"BCV Blau-Weiss-Beberanien e.V.\" \/>\n<meta property=\"article:modified_time\" content=\"2025-02-18T17:08:46+00:00\" \/>\n<meta property=\"og:image\" content=\"https:\/\/bcv-beberanien.de\/wp-content\/uploads\/2025\/02\/fa514cc1-e600-438d-b901-0df32abedf31-1.jpg\" \/>\n\t<meta property=\"og:image:width\" content=\"1365\" \/>\n\t<meta property=\"og:image:height\" content=\"2048\" \/>\n\t<meta property=\"og:image:type\" content=\"image\/jpeg\" \/>\n<meta name=\"twitter:card\" content=\"summary_large_image\" \/>\n<meta name=\"twitter:label1\" content=\"Gesch\u00e4tzte Lesezeit\" \/>\n\t<meta name=\"twitter:data1\" content=\"2\u00a0Minuten\" \/>\n<script type=\"application\/ld+json\" class=\"yoast-schema-graph\">{\"@context\":\"https:\\\/\\\/schema.org\",\"@graph\":[{\"@type\":\"WebPage\",\"@id\":\"https:\\\/\\\/bcv-beberanien.de\\\/?page_id=1797\",\"url\":\"https:\\\/\\\/bcv-beberanien.de\\\/?page_id=1797\",\"name\":\"Landesprinzenpaar 2025 - BCV Blau-Weiss-Beberanien e.V.\",\"isPartOf\":{\"@id\":\"https:\\\/\\\/bcv-beberanien.de\\\/#website\"},\"primaryImageOfPage\":{\"@id\":\"https:\\\/\\\/bcv-beberanien.de\\\/?page_id=1797#primaryimage\"},\"image\":{\"@id\":\"https:\\\/\\\/bcv-beberanien.de\\\/?page_id=1797#primaryimage\"},\"thumbnailUrl\":\"https:\\\/\\\/bcv-beberanien.de\\\/wp-content\\\/uploads\\\/2025\\\/02\\\/fa514cc1-e600-438d-b901-0df32abedf31-1-683x1024.jpg\",\"datePublished\":\"2025-02-18T16:37:56+00:00\",\"dateModified\":\"2025-02-18T17:08:46+00:00\",\"breadcrumb\":{\"@id\":\"https:\\\/\\\/bcv-beberanien.de\\\/?page_id=1797#breadcrumb\"},\"inLanguage\":\"de\",\"potentialAction\":[{\"@type\":\"ReadAction\",\"target\":[\"https:\\\/\\\/bcv-beberanien.de\\\/?page_id=1797\"]}]},{\"@type\":\"ImageObject\",\"inLanguage\":\"de\",\"@id\":\"https:\\\/\\\/bcv-beberanien.de\\\/?page_id=1797#primaryimage\",\"url\":\"https:\\\/\\\/bcv-beberanien.de\\\/wp-content\\\/uploads\\\/2025\\\/02\\\/fa514cc1-e600-438d-b901-0df32abedf31-1.jpg\",\"contentUrl\":\"https:\\\/\\\/bcv-beberanien.de\\\/wp-content\\\/uploads\\\/2025\\\/02\\\/fa514cc1-e600-438d-b901-0df32abedf31-1.jpg\",\"width\":1365,\"height\":2048},{\"@type\":\"BreadcrumbList\",\"@id\":\"https:\\\/\\\/bcv-beberanien.de\\\/?page_id=1797#breadcrumb\",\"itemListElement\":[{\"@type\":\"ListItem\",\"position\":1,\"name\":\"Startseite\",\"item\":\"https:\\\/\\\/bcv-beberanien.de\\\/\"},{\"@type\":\"ListItem\",\"position\":2,\"name\":\"Landesprinzenpaar 2025\"}]},{\"@type\":\"WebSite\",\"@id\":\"https:\\\/\\\/bcv-beberanien.de\\\/#website\",\"url\":\"https:\\\/\\\/bcv-beberanien.de\\\/\",\"name\":\"BCV Blau-Weiss-Beberanien e.V.\",\"description\":\"Narrenschar von Bebra seit 1952.\",\"publisher\":{\"@id\":\"https:\\\/\\\/bcv-beberanien.de\\\/#organization\"},\"potentialAction\":[{\"@type\":\"SearchAction\",\"target\":{\"@type\":\"EntryPoint\",\"urlTemplate\":\"https:\\\/\\\/bcv-beberanien.de\\\/?s={search_term_string}\"},\"query-input\":{\"@type\":\"PropertyValueSpecification\",\"valueRequired\":true,\"valueName\":\"search_term_string\"}}],\"inLanguage\":\"de\"},{\"@type\":\"Organization\",\"@id\":\"https:\\\/\\\/bcv-beberanien.de\\\/#organization\",\"name\":\"BCV Blau-Weiss-Beberanien e.V.\",\"url\":\"https:\\\/\\\/bcv-beberanien.de\\\/\",\"logo\":{\"@type\":\"ImageObject\",\"inLanguage\":\"de\",\"@id\":\"https:\\\/\\\/bcv-beberanien.de\\\/#\\\/schema\\\/logo\\\/image\\\/\",\"url\":\"https:\\\/\\\/bcv-beberanien.de\\\/wp-content\\\/uploads\\\/2019\\\/11\\\/cropped-Wappen-1.jpg\",\"contentUrl\":\"https:\\\/\\\/bcv-beberanien.de\\\/wp-content\\\/uploads\\\/2019\\\/11\\\/cropped-Wappen-1.jpg\",\"width\":214,\"height\":250,\"caption\":\"BCV Blau-Weiss-Beberanien e.V.\"},\"image\":{\"@id\":\"https:\\\/\\\/bcv-beberanien.de\\\/#\\\/schema\\\/logo\\\/image\\\/\"}}]}<\/script>\n<!-- \/ Yoast SEO plugin. -->","yoast_head_json":{"title":"Landesprinzenpaar 2025 - BCV Blau-Weiss-Beberanien e.V.","robots":{"index":"index","follow":"follow","max-snippet":"max-snippet:-1","max-image-preview":"max-image-preview:large","max-video-preview":"max-video-preview:-1"},"canonical":"https:\/\/bcv-beberanien.de\/?page_id=1797","og_locale":"de_DE","og_type":"article","og_title":"Landesprinzenpaar 2025 - BCV Blau-Weiss-Beberanien e.V.","og_description":"Das Landesprinzenpaar Th\u00fcringen 2025 kommt aus Beberanien! Inken und Stephan konnten sich in einem Auswahlverfahren bestehend aus einem Online-Voting und einer Jurywertung gegen 5 weitere Bewerberpaare durchsetzen. Nachdem die Inthronisierung wetterbedingt am 05.01.2025 leider nicht wie geplant in Sonneberg stattfinden konnte, wurde sie am 19.01.2025 im Rathaus in Sondershausen nachgeholt. Gemeinsam mit dem Landeskinderprinzenpaar Frieda &hellip; \u201eLandesprinzenpaar 2025\u201c weiterlesen","og_url":"https:\/\/bcv-beberanien.de\/?page_id=1797","og_site_name":"BCV Blau-Weiss-Beberanien e.V.","article_modified_time":"2025-02-18T17:08:46+00:00","og_image":[{"width":1365,"height":2048,"url":"https:\/\/bcv-beberanien.de\/wp-content\/uploads\/2025\/02\/fa514cc1-e600-438d-b901-0df32abedf31-1.jpg","type":"image\/jpeg"}],"twitter_card":"summary_large_image","twitter_misc":{"Gesch\u00e4tzte Lesezeit":"2\u00a0Minuten"},"schema":{"@context":"https:\/\/schema.org","@graph":[{"@type":"WebPage","@id":"https:\/\/bcv-beberanien.de\/?page_id=1797","url":"https:\/\/bcv-beberanien.de\/?page_id=1797","name":"Landesprinzenpaar 2025 - BCV Blau-Weiss-Beberanien e.V.","isPartOf":{"@id":"https:\/\/bcv-beberanien.de\/#website"},"primaryImageOfPage":{"@id":"https:\/\/bcv-beberanien.de\/?page_id=1797#primaryimage"},"image":{"@id":"https:\/\/bcv-beberanien.de\/?page_id=1797#primaryimage"},"thumbnailUrl":"https:\/\/bcv-beberanien.de\/wp-content\/uploads\/2025\/02\/fa514cc1-e600-438d-b901-0df32abedf31-1-683x1024.jpg","datePublished":"2025-02-18T16:37:56+00:00","dateModified":"2025-02-18T17:08:46+00:00","breadcrumb":{"@id":"https:\/\/bcv-beberanien.de\/?page_id=1797#breadcrumb"},"inLanguage":"de","potentialAction":[{"@type":"ReadAction","target":["https:\/\/bcv-beberanien.de\/?page_id=1797"]}]},{"@type":"ImageObject","inLanguage":"de","@id":"https:\/\/bcv-beberanien.de\/?page_id=1797#primaryimage","url":"https:\/\/bcv-beberanien.de\/wp-content\/uploads\/2025\/02\/fa514cc1-e600-438d-b901-0df32abedf31-1.jpg","contentUrl":"https:\/\/bcv-beberanien.de\/wp-content\/uploads\/2025\/02\/fa514cc1-e600-438d-b901-0df32abedf31-1.jpg","width":1365,"height":2048},{"@type":"BreadcrumbList","@id":"https:\/\/bcv-beberanien.de\/?page_id=1797#breadcrumb","itemListElement":[{"@type":"ListItem","position":1,"name":"Startseite","item":"https:\/\/bcv-beberanien.de\/"},{"@type":"ListItem","position":2,"name":"Landesprinzenpaar 2025"}]},{"@type":"WebSite","@id":"https:\/\/bcv-beberanien.de\/#website","url":"https:\/\/bcv-beberanien.de\/","name":"BCV Blau-Weiss-Beberanien e.V.","description":"Narrenschar von Bebra seit 1952.","publisher":{"@id":"https:\/\/bcv-beberanien.de\/#organization"},"potentialAction":[{"@type":"SearchAction","target":{"@type":"EntryPoint","urlTemplate":"https:\/\/bcv-beberanien.de\/?s={search_term_string}"},"query-input":{"@type":"PropertyValueSpecification","valueRequired":true,"valueName":"search_term_string"}}],"inLanguage":"de"},{"@type":"Organization","@id":"https:\/\/bcv-beberanien.de\/#organization","name":"BCV Blau-Weiss-Beberanien e.V.","url":"https:\/\/bcv-beberanien.de\/","logo":{"@type":"ImageObject","inLanguage":"de","@id":"https:\/\/bcv-beberanien.de\/#\/schema\/logo\/image\/","url":"https:\/\/bcv-beberanien.de\/wp-content\/uploads\/2019\/11\/cropped-Wappen-1.jpg","contentUrl":"https:\/\/bcv-beberanien.de\/wp-content\/uploads\/2019\/11\/cropped-Wappen-1.jpg","width":214,"height":250,"caption":"BCV Blau-Weiss-Beberanien e.V."},"image":{"@id":"https:\/\/bcv-beberanien.de\/#\/schema\/logo\/image\/"}}]}},"_links":{"self":[{"href":"https:\/\/bcv-beberanien.de\/index.php?rest_route=\/wp\/v2\/pages\/1797","targetHints":{"allow":["GET"]}}],"collection":[{"href":"https:\/\/bcv-beberanien.de\/index.php?rest_route=\/wp\/v2\/pages"}],"about":[{"href":"https:\/\/bcv-beberanien.de\/index.php?rest_route=\/wp\/v2\/types\/page"}],"author":[{"embeddable":true,"href":"https:\/\/bcv-beberanien.de\/index.php?rest_route=\/wp\/v2\/users\/3"}],"replies":[{"embeddable":true,"href":"https:\/\/bcv-beberanien.de\/index.php?rest_route=%2Fwp%2Fv2%2Fcomments&post=1797"}],"version-history":[{"count":10,"href":"https:\/\/bcv-beberanien.de\/index.php?rest_route=\/wp\/v2\/pages\/1797\/revisions"}],"predecessor-version":[{"id":1817,"href":"https:\/\/bcv-beberanien.de\/index.php?rest_route=\/wp\/v2\/pages\/1797\/revisions\/1817"}],"wp:attachment":[{"href":"https:\/\/bcv-beberanien.de\/index.php?rest_route=%2Fwp%2Fv2%2Fmedia&parent=1797"}],"curies":[{"name":"wp","href":"https:\/\/api.w.org\/{rel}","templated":true}]}}