{"id":304,"date":"2020-01-04T11:26:12","date_gmt":"2020-01-04T10:26:12","guid":{"rendered":"https:\/\/bcv-beberanien.de\/?page_id=304"},"modified":"2021-11-17T21:00:20","modified_gmt":"2021-11-17T20:00:20","slug":"impressum","status":"publish","type":"page","link":"https:\/\/bcv-beberanien.de\/?page_id=304","title":{"rendered":"Impressum"},"content":{"rendered":"\n<pre class=\"wp-block-preformatted\">Blau-Wei\u00df Beberanien e. V.<br \/>Hans-Schrader-Stra\u00dfe 81<br \/>99706 Sondershausen<br \/><br \/>Vereinsregister: 292<br \/>Registergericht: Amtsgericht Sondershausen<br \/><br \/>Vertreten durch den Vorstand:<br \/>Holger Graw; Antje Kerst; Caroline L\u00f6ser; Markus Gretsch; Silke Helbing<\/pre>\n\n\n\n<pre class=\"wp-block-preformatted\">Kontakt:\nTelefon: 015151927928\nE-Mail: info@bcv-beberanien.de<\/pre>\n\n\n\n<p><strong>Inhalt des Onlineangebotes <\/strong><br \/>Der Autor \u00fcbernimmt \nkeinerlei Gew\u00e4hr f\u00fcr die Aktualit\u00e4t, Korrektheit, Vollst\u00e4ndigkeit oder \nQualit\u00e4t der bereitgestellten Informationen.Haftungsanspr\u00fcche gegen den \nAutor, welche sich auf Sch\u00e4den materieller oder ideeller Art beziehen, \ndie durch die Nutzung oderNichtnutzung der dargebotenen Informationen \nbzw. durch die Nutzung fehlerhafter und unvollst\u00e4ndiger Informationen \nverursacht wurden, sindgrunds\u00e4tzlich ausgeschlossen, sofern seitens des \nAutors kein nachweislich vors\u00e4tzliches oder grob fahrl\u00e4ssiges \nVerschulden vorliegt. Alle Angebote sind freibleibend und unverbindlich.\n Der Autor beh\u00e4lt es sich ausdr\u00fccklich vor, Teile der Seiten oder das \ngesamte Angebot ohnegesonderte Ank\u00fcndigung zu ver\u00e4ndern, zu erg\u00e4nzen, zu\n l\u00f6schen oder die Ver\u00f6ffentlichung zeitweise oder endg\u00fcltig \neinzustellen.<\/p>\n\n\n\n<p><strong>Verweise und Links <\/strong><br \/>Bei direkten oder indirekten \nVerweisen auf fremde Webseiten (\u201eHyperlinks\u201c), die au\u00dferhalb des \nVerantwortungsbereiches des Autors liegen,w\u00fcrde eine \nHaftungsverpflichtung ausschlie\u00dflich in dem Fall in Kraft treten, in dem\n der Autor von den Inhalten Kenntnis hat und es ihm technisch m\u00f6glich \nund zumutbar w\u00e4re, die Nutzung im Falle rechtswidriger Inhalte zu \nverhindern. Der Autor erkl\u00e4rt hiermit ausdr\u00fccklich, dass zum Zeitpunkt \nder Linksetzung keine illegalen Inhalte auf den zu verlinkenden Seiten \nerkennbar waren. Auf die aktuelle und zuk\u00fcnftige Gestaltung, die Inhalte\n oder die Urheberschaft der verlinkten\/verkn\u00fcpften Seiten hat der Autor \nkeinerlei Einfluss. Deshalb distanziert er sich hiermit ausdr\u00fccklich von\n allen Inhalten aller verlinkten \/verkn\u00fcpften Seiten, die nach der \nLinksetzung ver\u00e4ndert wurden. Diese Feststellung gilt f\u00fcr alle innerhalb\n des eigenen Internetangebotes gesetzten Links und Verweise sowie f\u00fcr \nFremdeintr\u00e4ge in vom Autor eingerichteten G\u00e4steb\u00fcchern, \nDiskussionsforen, Linienverzeichnissen, Mailinglisten und in allen \nanderen Formen von Datenbanken, auf deren Inhalt externe Schreibzugriffe\n m\u00f6glich sind. F\u00fcr illegale, fehlerhafte oder unvollst\u00e4ndige Inhalte und\n insbesondere f\u00fcr Sch\u00e4den, die aus der Nutzung oder Nichtnutzung \nsolcherart dargebotener Informationen entstehen, haftet allein der \nAnbieter der Seite, auf welche verwiesen wurde, nicht derjenige, der \n\u00fcber Links auf die jeweilige Ver\u00f6ffentlichung lediglich verweist.<\/p>\n\n\n\n<p><strong>Urheber- und Kennzeichen recht<\/strong> <br \/>Der Autor ist \nbestrebt, in allen Publikationen die Urheberrechte der verwendeten \nBilder, Grafiken, Tondokumente, Videosequenzen und Texte zu beachten, \nvon ihm selbst erstellte Bilder, Grafiken, Tondokumente, Videosequenzen \nund Texte zu nutzen oder auf lizenzfrei Grafiken,Tondokumente, \nVideosequenzen und Texte zur\u00fcckzugreifen. Alle innerhalb des \nInternetangebotes genannten und ggf. durch Dritte gesch\u00fctzten Marken- \nund Warenzeichen unterliegen uneingeschr\u00e4nkten Bestimmungen des jeweils \ng\u00fcltigen Kennzeichen rechts und den Besitzrechten der jeweiligen \neingetragenen Eigent\u00fcmer. Allein aufgrund der blo\u00dfen Nennung ist nicht \nder Schluss zu ziehen, dass Markenzeichen nicht durch Rechte Dritter \ngesch\u00fctzt sind! Das Copyright f\u00fcr ver\u00f6ffentlichte, vom Autor selbst \nerstellte Objekte bleibt allein beim Autor der Seiten. Eine \nVervielf\u00e4ltigung oder Verwendung solcher Grafiken, Tondokumente, \nVideosequenzen und Texte in anderen elektronischen oder gedruckten \nPublikationen ist ohne ausdr\u00fcckliche Zustimmung des Autors nicht \ngestattet.<\/p>\n\n\n\n<p><strong>Datenschutz<\/strong> <br \/>Sofern innerhalb des \nInternetangebotes die M\u00f6glichkeit zur Eingabe pers\u00f6nlicher oder \ngesch\u00e4ftlicher Daten (Emailadressen, Namen,Anschriften) besteht, so \nerfolgt die Preisgabe dieser Daten seitens des Nutzers auf ausdr\u00fccklich \nfreiwilliger Basis. Die Inanspruchnahme und Bezahlung aller angebotenen \nDienste ist \u2013 soweit technisch m\u00f6glich und zumutbar \u2013 auch ohne Angabe \nsolcher Daten bzw. unter Angabe anonymisierter Daten oder eines \nPseudonyms gestattet. Die Nutzung der im Rahmen des Impressums oder \nvergleichbarer Angaben ver\u00f6ffentlichten Kontaktdaten wie \nPostanschriften, Telefon- und Faxnummern sowie Emailadressen durch \nDritte zur \u00dcbersendung von nicht ausdr\u00fccklich angeforderten \nInformationen ist nicht gestattet. Rechtliche Schritte gegen die \nVersender von sogenannten Spam-Mails bei Verst\u00f6ssen gegen dieses Verbot \nsind ausdr\u00fccklich vorbehalten.<\/p>\n\n\n\n<p><strong>Rechtswirksamkeit dieses Haftungsausschlusses<\/strong><br \/>Dieser\n Haftungsausschluss ist als Teil des Internetangebotes zu betrachten, \nvon dem aus auf diese Seite verwiesen wurde. Sofern Teile oder einzelne \nFormulierungen dieses Textes der geltenden Rechtslage nicht, nicht mehr \noder nicht vollst\u00e4ndig entsprechen sollten, bleiben die \u00fcbrigen Teile \ndes Dokumentes in ihrem Inhalt und ihrer G\u00fcltigkeit davon unber\u00fchrt.<br \/><\/p>\n\n\n\n<h2 class=\"wp-block-heading\"><strong>Disclaimer<\/strong><\/h2>\n\n\n\n<p>Content The author reserves the right not to be responsible for the \ntopicality, correctness, completeness or quality of the information \nprovided. Liabilityclaims regarding damage caused by the use of any \ninformation provided, including any kind of information which is \nincomplete or incorrect,willtherefore be rejected. All offers are \nnot-binding and without obligation. Parts of the pages or the complete \npublication including all offers and information might beextended, \nchanged or partly or completely deleted by the author without separate \nannouncement.<\/p>\n\n\n\n<p>Referrals and links The author is not responsible for any contents \nlinked or referred to from his pages \u2013 unless he has full knowledge of \nillegal contents and wouldbe able to prevent the visitors of his site \nfromviewing those pages. If any damage occurs by the use of information \npresented there, only theauthor of the respective pages might be liable,\n not the one who has linked to these pages. Furthermore the author is \nnot liable for any postingsor messages published by users of discussion \nboards, guestbooks or mailinglists provided on his page.<\/p>\n\n\n\n<p>Copyright The author intended not to use any copyrighted material for\n the publication or, if not possible, to indicate the copyright of the \nrespective object. The copyright for any material created by the author \nis reserved. Any duplication or use of objects such as images, diagrams,\n sounds or textsin other electronic or printed publications is not \npermitted without the author\u2019s agreement.<\/p>\n\n\n\n<p>Privacy policy If the opportunity for the input of personal or \nbusiness data (email addresses, name, addresses) is given, the input of \nthese data takes placevoluntarily. The use and payment of all offered \nservices are permitted \u2013 if and so far technically possible and \nreasonable \u2013 without specificationof any personal data or under \nspecification of anonymized data or an alias. The use of published \npostal addresses, telephone or fax numbersand email addresses for \nmarketing purposes is prohibited, offenders sending unwanted spam \nmessages will be punished.<\/p>\n\n\n\n<p>Legal validity of this disclaimer This disclaimer is to be regarded \nas part of the internet publication which you were referred from. If \nsections or individual terms of thisstatement are not legal or correct, \nthe content or validity of the other parts remain uninfluenced by this \nfact.<\/p>\n","protected":false},"excerpt":{"rendered":"<p>Blau-Wei\u00df Beberanien e. V.Hans-Schrader-Stra\u00dfe 8199706 SondershausenVereinsregister: 292Registergericht: Amtsgericht SondershausenVertreten durch den Vorstand:Holger Graw; Antje Kerst; Caroline L\u00f6ser; Markus Gretsch; Silke Helbing Kontakt: Telefon: 015151927928 E-Mail: info@bcv-beberanien.de Inhalt des Onlineangebotes Der Autor \u00fcbernimmt keinerlei Gew\u00e4hr f\u00fcr die Aktualit\u00e4t, Korrektheit, Vollst\u00e4ndigkeit oder Qualit\u00e4t der bereitgestellten Informationen.Haftungsanspr\u00fcche gegen den Autor, welche sich auf Sch\u00e4den materieller oder ideeller Art &hellip; <\/p>\n<p class=\"link-more\"><a href=\"https:\/\/bcv-beberanien.de\/?page_id=304\" class=\"more-link\"><span class=\"screen-reader-text\">\u201eImpressum\u201c<\/span> weiterlesen<\/a><\/p>\n","protected":false},"author":1,"featured_media":0,"parent":0,"menu_order":0,"comment_status":"closed","ping_status":"closed","template":"","meta":{"_exactmetrics_skip_tracking":false,"_exactmetrics_sitenote_active":false,"_exactmetrics_sitenote_note":"","_exactmetrics_sitenote_category":0,"footnotes":""},"class_list":["post-304","page","type-page","status-publish","hentry"],"yoast_head":"<!-- This site is optimized with the Yoast SEO plugin v27.5 - https:\/\/yoast.com\/product\/yoast-seo-wordpress\/ -->\n<title>Impressum - BCV Blau-Weiss-Beberanien e.V.<\/title>\n<meta name=\"robots\" content=\"index, follow, max-snippet:-1, max-image-preview:large, max-video-preview:-1\" \/>\n<link rel=\"canonical\" href=\"https:\/\/bcv-beberanien.de\/?page_id=304\" \/>\n<meta property=\"og:locale\" content=\"de_DE\" \/>\n<meta property=\"og:type\" content=\"article\" \/>\n<meta property=\"og:title\" content=\"Impressum - BCV Blau-Weiss-Beberanien e.V.\" \/>\n<meta property=\"og:description\" content=\"Blau-Wei\u00df Beberanien e. V.Hans-Schrader-Stra\u00dfe 8199706 SondershausenVereinsregister: 292Registergericht: Amtsgericht SondershausenVertreten durch den Vorstand:Holger Graw; Antje Kerst; Caroline L\u00f6ser; Markus Gretsch; Silke Helbing Kontakt: Telefon: 015151927928 E-Mail: info@bcv-beberanien.de Inhalt des Onlineangebotes Der Autor \u00fcbernimmt keinerlei Gew\u00e4hr f\u00fcr die Aktualit\u00e4t, Korrektheit, Vollst\u00e4ndigkeit oder Qualit\u00e4t der bereitgestellten Informationen.Haftungsanspr\u00fcche gegen den Autor, welche sich auf Sch\u00e4den materieller oder ideeller Art &hellip; \u201eImpressum\u201c weiterlesen\" \/>\n<meta property=\"og:url\" content=\"https:\/\/bcv-beberanien.de\/?page_id=304\" \/>\n<meta property=\"og:site_name\" content=\"BCV Blau-Weiss-Beberanien e.V.\" \/>\n<meta property=\"article:modified_time\" content=\"2021-11-17T20:00:20+00:00\" \/>\n<meta name=\"twitter:card\" content=\"summary_large_image\" \/>\n<meta name=\"twitter:label1\" content=\"Gesch\u00e4tzte Lesezeit\" \/>\n\t<meta name=\"twitter:data1\" content=\"5\u00a0Minuten\" \/>\n<script type=\"application\/ld+json\" class=\"yoast-schema-graph\">{\"@context\":\"https:\\\/\\\/schema.org\",\"@graph\":[{\"@type\":\"WebPage\",\"@id\":\"https:\\\/\\\/bcv-beberanien.de\\\/?page_id=304\",\"url\":\"https:\\\/\\\/bcv-beberanien.de\\\/?page_id=304\",\"name\":\"Impressum - BCV Blau-Weiss-Beberanien e.V.\",\"isPartOf\":{\"@id\":\"https:\\\/\\\/bcv-beberanien.de\\\/#website\"},\"datePublished\":\"2020-01-04T10:26:12+00:00\",\"dateModified\":\"2021-11-17T20:00:20+00:00\",\"breadcrumb\":{\"@id\":\"https:\\\/\\\/bcv-beberanien.de\\\/?page_id=304#breadcrumb\"},\"inLanguage\":\"de\",\"potentialAction\":[{\"@type\":\"ReadAction\",\"target\":[\"https:\\\/\\\/bcv-beberanien.de\\\/?page_id=304\"]}]},{\"@type\":\"BreadcrumbList\",\"@id\":\"https:\\\/\\\/bcv-beberanien.de\\\/?page_id=304#breadcrumb\",\"itemListElement\":[{\"@type\":\"ListItem\",\"position\":1,\"name\":\"Startseite\",\"item\":\"https:\\\/\\\/bcv-beberanien.de\\\/\"},{\"@type\":\"ListItem\",\"position\":2,\"name\":\"Impressum\"}]},{\"@type\":\"WebSite\",\"@id\":\"https:\\\/\\\/bcv-beberanien.de\\\/#website\",\"url\":\"https:\\\/\\\/bcv-beberanien.de\\\/\",\"name\":\"BCV Blau-Weiss-Beberanien e.V.\",\"description\":\"Narrenschar von Bebra seit 1952.\",\"publisher\":{\"@id\":\"https:\\\/\\\/bcv-beberanien.de\\\/#organization\"},\"potentialAction\":[{\"@type\":\"SearchAction\",\"target\":{\"@type\":\"EntryPoint\",\"urlTemplate\":\"https:\\\/\\\/bcv-beberanien.de\\\/?s={search_term_string}\"},\"query-input\":{\"@type\":\"PropertyValueSpecification\",\"valueRequired\":true,\"valueName\":\"search_term_string\"}}],\"inLanguage\":\"de\"},{\"@type\":\"Organization\",\"@id\":\"https:\\\/\\\/bcv-beberanien.de\\\/#organization\",\"name\":\"BCV Blau-Weiss-Beberanien e.V.\",\"url\":\"https:\\\/\\\/bcv-beberanien.de\\\/\",\"logo\":{\"@type\":\"ImageObject\",\"inLanguage\":\"de\",\"@id\":\"https:\\\/\\\/bcv-beberanien.de\\\/#\\\/schema\\\/logo\\\/image\\\/\",\"url\":\"https:\\\/\\\/bcv-beberanien.de\\\/wp-content\\\/uploads\\\/2019\\\/11\\\/cropped-Wappen-1.jpg\",\"contentUrl\":\"https:\\\/\\\/bcv-beberanien.de\\\/wp-content\\\/uploads\\\/2019\\\/11\\\/cropped-Wappen-1.jpg\",\"width\":214,\"height\":250,\"caption\":\"BCV Blau-Weiss-Beberanien e.V.\"},\"image\":{\"@id\":\"https:\\\/\\\/bcv-beberanien.de\\\/#\\\/schema\\\/logo\\\/image\\\/\"}}]}<\/script>\n<!-- \/ Yoast SEO plugin. -->","yoast_head_json":{"title":"Impressum - BCV Blau-Weiss-Beberanien e.V.","robots":{"index":"index","follow":"follow","max-snippet":"max-snippet:-1","max-image-preview":"max-image-preview:large","max-video-preview":"max-video-preview:-1"},"canonical":"https:\/\/bcv-beberanien.de\/?page_id=304","og_locale":"de_DE","og_type":"article","og_title":"Impressum - BCV Blau-Weiss-Beberanien e.V.","og_description":"Blau-Wei\u00df Beberanien e. V.Hans-Schrader-Stra\u00dfe 8199706 SondershausenVereinsregister: 292Registergericht: Amtsgericht SondershausenVertreten durch den Vorstand:Holger Graw; Antje Kerst; Caroline L\u00f6ser; Markus Gretsch; Silke Helbing Kontakt: Telefon: 015151927928 E-Mail: info@bcv-beberanien.de Inhalt des Onlineangebotes Der Autor \u00fcbernimmt keinerlei Gew\u00e4hr f\u00fcr die Aktualit\u00e4t, Korrektheit, Vollst\u00e4ndigkeit oder Qualit\u00e4t der bereitgestellten Informationen.Haftungsanspr\u00fcche gegen den Autor, welche sich auf Sch\u00e4den materieller oder ideeller Art &hellip; \u201eImpressum\u201c weiterlesen","og_url":"https:\/\/bcv-beberanien.de\/?page_id=304","og_site_name":"BCV Blau-Weiss-Beberanien e.V.","article_modified_time":"2021-11-17T20:00:20+00:00","twitter_card":"summary_large_image","twitter_misc":{"Gesch\u00e4tzte Lesezeit":"5\u00a0Minuten"},"schema":{"@context":"https:\/\/schema.org","@graph":[{"@type":"WebPage","@id":"https:\/\/bcv-beberanien.de\/?page_id=304","url":"https:\/\/bcv-beberanien.de\/?page_id=304","name":"Impressum - BCV Blau-Weiss-Beberanien e.V.","isPartOf":{"@id":"https:\/\/bcv-beberanien.de\/#website"},"datePublished":"2020-01-04T10:26:12+00:00","dateModified":"2021-11-17T20:00:20+00:00","breadcrumb":{"@id":"https:\/\/bcv-beberanien.de\/?page_id=304#breadcrumb"},"inLanguage":"de","potentialAction":[{"@type":"ReadAction","target":["https:\/\/bcv-beberanien.de\/?page_id=304"]}]},{"@type":"BreadcrumbList","@id":"https:\/\/bcv-beberanien.de\/?page_id=304#breadcrumb","itemListElement":[{"@type":"ListItem","position":1,"name":"Startseite","item":"https:\/\/bcv-beberanien.de\/"},{"@type":"ListItem","position":2,"name":"Impressum"}]},{"@type":"WebSite","@id":"https:\/\/bcv-beberanien.de\/#website","url":"https:\/\/bcv-beberanien.de\/","name":"BCV Blau-Weiss-Beberanien e.V.","description":"Narrenschar von Bebra seit 1952.","publisher":{"@id":"https:\/\/bcv-beberanien.de\/#organization"},"potentialAction":[{"@type":"SearchAction","target":{"@type":"EntryPoint","urlTemplate":"https:\/\/bcv-beberanien.de\/?s={search_term_string}"},"query-input":{"@type":"PropertyValueSpecification","valueRequired":true,"valueName":"search_term_string"}}],"inLanguage":"de"},{"@type":"Organization","@id":"https:\/\/bcv-beberanien.de\/#organization","name":"BCV Blau-Weiss-Beberanien e.V.","url":"https:\/\/bcv-beberanien.de\/","logo":{"@type":"ImageObject","inLanguage":"de","@id":"https:\/\/bcv-beberanien.de\/#\/schema\/logo\/image\/","url":"https:\/\/bcv-beberanien.de\/wp-content\/uploads\/2019\/11\/cropped-Wappen-1.jpg","contentUrl":"https:\/\/bcv-beberanien.de\/wp-content\/uploads\/2019\/11\/cropped-Wappen-1.jpg","width":214,"height":250,"caption":"BCV Blau-Weiss-Beberanien e.V."},"image":{"@id":"https:\/\/bcv-beberanien.de\/#\/schema\/logo\/image\/"}}]}},"_links":{"self":[{"href":"https:\/\/bcv-beberanien.de\/index.php?rest_route=\/wp\/v2\/pages\/304","targetHints":{"allow":["GET"]}}],"collection":[{"href":"https:\/\/bcv-beberanien.de\/index.php?rest_route=\/wp\/v2\/pages"}],"about":[{"href":"https:\/\/bcv-beberanien.de\/index.php?rest_route=\/wp\/v2\/types\/page"}],"author":[{"embeddable":true,"href":"https:\/\/bcv-beberanien.de\/index.php?rest_route=\/wp\/v2\/users\/1"}],"replies":[{"embeddable":true,"href":"https:\/\/bcv-beberanien.de\/index.php?rest_route=%2Fwp%2Fv2%2Fcomments&post=304"}],"version-history":[{"count":6,"href":"https:\/\/bcv-beberanien.de\/index.php?rest_route=\/wp\/v2\/pages\/304\/revisions"}],"predecessor-version":[{"id":914,"href":"https:\/\/bcv-beberanien.de\/index.php?rest_route=\/wp\/v2\/pages\/304\/revisions\/914"}],"wp:attachment":[{"href":"https:\/\/bcv-beberanien.de\/index.php?rest_route=%2Fwp%2Fv2%2Fmedia&parent=304"}],"curies":[{"name":"wp","href":"https:\/\/api.w.org\/{rel}","templated":true}]}}